culate the greatest common factor of c and f.
1
Let u(i) = -4 - 5 - 1 + 2*i - 4*i. Let p be u(-12). What is the highest common factor of p and 154?
14
Let n be (-120)/((-1)/(6/4)). Let c be ((-189)/14)/(6/(-16)). What is the highest common factor of n and c?
36
Let d = 30 - 6. Calculate the highest common divisor of d and 6.
6
Let m(f) = f**3 + 21*f**2 + 36*f - 33. Let n be m(-19). What is the greatest common factor of 5 and n?
5
Let s(g) = g**2 + 12*g - 27. Let u be s(-14). Calculate the highest common factor of 19 and u.
1
Suppose 2*a - 3 = 2*c + 1, -4*a = -2*c - 8. Suppose c*n = 4*n - 52. Suppose 2*g = 7*g - 715. What is the greatest common factor of n and g?
13
Suppose 2*d - 35 = -3*d. Let n(y) = 10*y - 17. Let r be n(8). Calculate the highest common factor of r and d.
7
Suppose -5*d = -104 - 141. Let i = d + -29. Calculate the greatest common divisor of 20 and i.
20
Let u = 119 - 7. Let c(n) = n**2 - 10*n + 23. Let j be c(9). Calculate the greatest common divisor of u and j.
14
Let m = 128 - 116. Calculate the highest common factor of 6 and m.
6
Let v = -2 - -21. Suppose -8*w = -4*w - 76. What is the highest common factor of w and v?
19
Let d be (-13)/65 + (-26)/(-5). Calculate the highest common divisor of 45 and d.
5
Let y = 6 - 4. Let z be 18 + -5 + y*-1. What is the greatest common factor of z and 99?
11
Suppose 13 + 7 = 2*b. What is the highest common factor of b and 110?
10
Let l(d) be the first derivative of -d**4/4 + 2*d**3 - d**2 + 5*d + 1. Let c be l(4). Let a be -1 + 0 - -1*c. What is the highest common divisor of a and 7?
7
Let k = 14 - -3. Calculate the highest common factor of k and 17.
17
Suppose 0*b = -b - 3*z + 2, -10 = -5*b - z. Let t = b + 5. What is the highest common factor of t and 28?
7
Let t be (-18)/(-12)*((-56)/(-6))/2. Calculate the greatest common factor of 2 and t.
1
Suppose 2*j - 6 = 0, 4*w + 12 + 615 = j. Let z be w/(-6) - (1 + -1). Suppose -4*i = -2*i - 130. Calculate the highest common factor of z and i.
13
Let a(m) = m**2 + 6*m - 11. Let v be a(-8). Let u = v - -1. Suppose -2*k + 255 = 3*k + 5*j, 5*k - 225 = 5*j. Calculate the greatest common divisor of k and u.
6
Let c(p) = p**2 - 6*p - 6. Let k be 1/((-30)/16 + 2). Let d be c(k). Calculate the greatest common factor of 1 and d.
1
Let g = 72 - 62. Calculate the greatest common divisor of g and 20.
10
Let y = -3 - -21. Suppose -3*c + 25 = 7. What is the highest common factor of y and c?
6
Suppose 2*a - 14 = 3*m - 5*m, -3*m + 13 = -a. Let d be a - (1 + -3)/2. Let n be (3 - 1)*33/d. Calculate the highest common divisor of 11 and n.
11
Suppose 9*z - 13*z = 24. Let g(j) = j**2 + 4*j - 4. Let w be g(z). What is the greatest common divisor of w and 40?
8
Let l(x) = -2*x**2 - 24*x - 8. Let h be l(-10). Calculate the greatest common factor of 4 and h.
4
Suppose -5*t + 42 - 2 = 0. Let k(z) = -z**2 + 10*z - 1. Let r be k(t). Let m = r - 11. What is the highest common factor of 1 and m?
1
Let b(c) = c - 4. Let w be b(9). Suppose 21 = 2*q + w. Suppose -3*j = -4*u + 44, q + 0 = -2*j. What is the highest common divisor of 72 and u?
8
Let d(u) = -u**3 + 3*u - 2. Let i be d(-3). Let y = 71 - 22. Let c = -9 + y. What is the highest common factor of c and i?
8
Let c = 1 - -1. Let f(g) be the third derivative of g**6/60 - g**5/20 + g**4/8 + g**2. Let n be f(c). Calculate the greatest common factor of n and 50.
10
Let b(g) = -9*g + 8*g - 14*g + 5. Let w be b(-7). Let i = -14 - -24. Calculate the greatest common divisor of i and w.
10
Let c(y) = 4*y**2 - 2*y. Let t be c(3). Let g be ((-6)/(-1))/(15/10). Suppose 15 - 3 = g*l. What is the greatest common factor of l and t?
3
Let s(a) = a**3 + a**2 - a + 63. Let z be s(0). Let n(v) = v + 13. Let y be n(-6). Calculate the highest common factor of y and z.
7
Suppose 5*b = 14 + 6. Suppose 6*f - 84 = 2*f + 2*j, -f - b*j = -3. What is the highest common factor of f and 76?
19
Let o = -169 - -171. Suppose 10 = -i + 6*i. What is the greatest common divisor of o and i?
2
Let a = -8 + 13. Let t be ((-14)/(-5) - 2)*a. Let r be (-3 + -2)/(-5)*12. Calculate the highest common divisor of t and r.
4
Let u be (0/(-2))/3 - 1. Let v be (-24)/((-5)/3 - u). Let b be (v/30)/(3/50). What is the highest common divisor of 4 and b?
4
Let y be (-217 + 9/(-3))*(-9)/12. What is the greatest common factor of 15 and y?
15
Suppose 0 = -3*p - 60 + 375. Suppose 0 = 3*g - i + 4*i - 36, -3*i = 4*g - 51. What is the greatest common divisor of p and g?
15
Let m be (3 - 60/28)*14. Calculate the highest common divisor of 6 and m.
6
Suppose 2*x - 4*t - 134 = -16, -2*x = -2*t - 108. Calculate the highest common factor of 441 and x.
49
Suppose -2*o - 5*d - 11 = -4*o, 0 = 2*o + 3*d - 51. Let r be 76/o - (-4)/(-18). What is the highest common divisor of 36 and r?
4
Let w = 21 - 15. Suppose 10 = -5*o, -5*o = 2*m - 0 + w. Suppose m*k - 198 = -0*k. What is the highest common factor of k and 9?
9
Suppose 5*g - 12 = 3. Let b(z) = -z**2 + 1. Let p be b(-1). Let u = p + g. What is the greatest common divisor of 33 and u?
3
Let o(w) = -3*w**3 + w**2 - 4*w - 7. Let t be o(-2). What is the highest common factor of 174 and t?
29
Suppose -2*k = -4*y - 24, 4*k - 21 = 2*y - 3*y. Let b be ((-1)/(-3) + 0)/((-3)/(-54)). What is the greatest common factor of k and b?
6
Let x be 1/(-2 - (-174)/84). Let d be (-339)/(-12) - (-2)/(-8). Calculate the highest common divisor of d and x.
14
Suppose 2*f = -2*r + 11 + 17, -r = -2*f - 2. Let h = r - -15. Calculate the greatest common divisor of 125 and h.
25
Let v = 15 - -12. Calculate the greatest common divisor of v and 18.
9
Let v(b) = 2*b + 2. Let y be v(6). Let m = -2 - -6. Suppose -m = 2*z - 18. What is the greatest common divisor of y and z?
7
Suppose -2*w = -w - 2. Let s(k) = -6*k**w + 4*k**3 + 11*k + 8 - 6*k**3 + k**3. Let j be s(-8). What is the highest common factor of j and 6?
6
Let t be (-59)/(-4) - 2/(-8). Let j(r) = r**2 - 8*r + 5. Let y be j(8). Let a be (-2)/y + 754/10. Calculate the highest common factor of t and a.
15
Let v be (-72 - -2)/((-2)/4). Let u = v - 74. What is the highest common divisor of u and 6?
6
Suppose -2*b - 3 - 1 = 0, 0 = 3*s + 5*b + 13. Let r = s - -10. Calculate the greatest common divisor of 63 and r.
9
Let j(x) = -4*x**3 + 2*x**2 + x + 2. Let q be j(-2). Let h be ((-32)/10)/((-1)/q). Suppose -2*p - 3*p + 80 = 0. Calculate the highest common factor of h and p.
16
Suppose 392 = 5*m + 4*g, m + g = 2*g + 82. What is the highest common factor of 32 and m?
16
Let d = -42 - -70. Calculate the greatest common divisor of d and 308.
28
Let h be 8*(-9)/(-2)*1/3. Calculate the greatest common factor of h and 96.
12
Suppose 3 = -h + 22. Suppose 76 = 2*f - 4*u - 88, 5*f = 3*u + 389. What is the highest common divisor of f and h?
19
Suppose i + 16 = -i. Let z(f) = f**2 + 7*f - 1. Let r be z(i). What is the greatest common factor of r and 42?
7
Suppose b + b = 154. Calculate the highest common divisor of 7 and b.
7
Let a(b) = -b**2 + 3*b - 1. Let l be a(3). Let v be (l - -1 - -2) + 6. Calculate the greatest common factor of v and 24.
8
Let x = -542 - -642. Let t be 1 + (0 - -18) - -1. Calculate the highest common factor of t and x.
20
Let f be 2*12/(38/8 + -4). What is the highest common divisor of f and 416?
32
Let y = -38 - -43. What is the highest common factor of y and 5?
5
Let n(p) = -p**2 - p. Let x(w) = 6*w**2 + 4*w - 1. Let d(t) = 11*n(t) + 2*x(t). Let m be d(4). What is the highest common factor of 16 and m?
2
Suppose 3*t = -2*i + 8, 3*t - 5*i - 3 + 2 = 0. Suppose 4 = t*z + 2*z. Calculate the highest common factor of 3 and z.
1
Let o(d) = 14*d - 4. Let x be o(5). Suppose 5*s + 16 = x. Calculate the greatest common factor of 15 and s.
5
Suppose -203 = -3*o + 5*s, 2 = s - 0*s. Let l = o - 41. Suppose -p = -6*p + l. Calculate the greatest common factor of 66 and p.
6
Let a be (-4 + (-50)/(-14))*-7 + 87. Calculate the greatest common factor of a and 5.
5
Let x be (-350)/(-45) + 3 + (-4)/(-18). Calculate the greatest common divisor of x and 44.
11
Let a be (2/4)/((-1)/(-24)). Let w be 1/((-119)/60 + 2). What is the highest common divisor of w and a?
12
Suppose -3*k + 11 = -7. Let g(f) = -f**3 - 24*f**2 - 2*f - 30. Let n be g(-24). Calculate the highest common divisor of n and k.
6
Suppose 4*f = -q + 28, -4*f = 4*q 